-8 + 6 + -4 + (5 - -9)?
8
Evaluate 6 - (22 + -4 - -5).
-17
What is the value of 1 - (-2 - 4 - (-8 - (3 - 12)))?
8
Evaluate 17 + 1 + -17 + -1.
0
Evaluate (-4 - -6 - 2) + 5 + (11 - 14).
2
What is -5 - (5 + 4 + (-65 - -70))?
-19
Evaluate (-1 - (2 - -2)) + -23 + 18.
-10
What is 47 - (14 + (-6 - 2)) - 14?
27
What is the value of -33 - (-7 + -7 + (-2 - -9)) - -5?
-21
Evaluate -11 + 10 + 0 + (2 + -11 - -2).
-8
-4 - -11 - (-4 - -6) - (31 - -2)
-28
(-4 - 1) + (10 - -5) + -6
4
What is the value of -7 - 0 - (-36 - (-33 - -10))?
6
Calculate 1 + 0 + (7 - ((-2 - -7) + -7)).
10
Evaluate (6 - 3) + -1 + 7 + -4.
5
What is the value of -12 + (5 - 5) - (79 + -78)?
-13
Calculate (13 - 2) + (6 - 11 - -12).
18
What is 8 - 8 - (-4 - (-5 - -9) - 16)?
24
6 + 1 - 6 - 0 - (10 - 45)
36
What is -7 + -11 + 3 + 8 - (1 - 2)?
-6
Evaluate (-5 - 7) + -8 + (17 - 0).
-3
What is the value of 6 + (3 - (0 + -1)) + -136 + 111?
-15
Evaluate -15 + 12 + (13 - 19) + -4.
-13
What is 5 - (11 - (-10 + 15) - 12)?
11
Evaluate (21 - (55 - -5)) + 29.
-10
What is the value of (0 - -6) + (5 - -1) + (177 - 197)?
-8
What is 31 - (9 + -9 - (3 + -6 - 8))?
20
Calculate -18 - 1 - -1 - -30.
12
(-2 - 3) + (-33 - -33 - (-3 + -24))
22
Evaluate 2 + -1 - (-1 + 20 + -26).
8
Evaluate (257 - 250 - (28 + 1)) + -8.
-30
What is 31 - 2 - 42 - (-8 - 1)?
-4
-11 - (15 + -13 + 4 + 2)
-19
What is the value of (-15 - -1) + 61 + -47?
0
2 + -18 - ((4 - 5) + -1 - 0)
-14
What is -17 - (-13 + (-14 - -22))?
-12
What is the value of 63 + -49 - (24 - -2)?
-12
What is -13 + 17 + 0 + 8?
12
What is the value of (20 - 9) + -5 + 3?
9
Calculate 9 + (-5 - 2 - (-1 - (18 + 4))).
25
Calculate -29 - 30 - -29 - -36.
6
What is the value of -15 + 8 + (2 + 32 - (-12 + 16))?
23
Calculate -14 + (3 - -13 - 6).
-4
Calculate -12 + 37 - 41 - 10.
-26
What is 24 + 18 + 7 + -44?
5
Evaluate -13 - (-8 + -3 + (12 - (2 - -2))).
-10
What is -24 + (31 - (12 - 7) - 14)?
-12
Calculate -17 + 4 + 10 - (-2 - -4).
-5
Calculate 0 + 27 - (-864 + 890).
1
Calculate -14 - (9 - 1 - 17).
-5
What is the value of -10 - (-6 - (4 - -2 - 8))?
-6
Evaluate -31 + 14 + (8 - 22).
-31
-24 + (8 + -4 - -18)
-2
What is 3 - 6 - ((-3 - 8 - -6) + -7)?
9
What is 2 + 1 + (8 - 16 - -17) + -6?
6
Evaluate 1 + 2 - (6 + 3 + 9).
-15
(0 - -35) + -14 + -2 + 2 + 1
22
Evaluate 0 - 2 - (6 + -18 - (-2 + -13)).
-5
What is 12 - (32 + -11 + 10 + 2)?
-21
Calculate -18 + -14 + 45 + -5.
8
Evaluate 3 - (2 + 0) - -1 - (349 - 363).
16
4 - -1 - (-22 + (-5 - 12 - -22))
22
What is the value of (-124 + 119 - (1 - -10)) + 25?
9
Calculate -11 - (-8 + -4 - 14) - (5 + -9).
19
Calculate (2 - 38) + -12 - (-6 - (15 + -10)).
-37
Evaluate (-2 - 2) + -11 + 5.
-10
5 + -22 - (-30 - -27)
-14
Evaluate 16 - (-4 - 11 - -33) - (14 - 0).
-16
What is (0 - -12) + (20 - 5 - 9)?
18
Evaluate 28 - 3 - (-52 + 66).
11
What is 32 + (-1 - (11 - 10 - 4) - 2)?
32
What is (2 + 1 - -1) + (-24 - -5) - 4?
-19
Calculate -14 + 8 + 12 + -1 + -1 - -4.
8
Evaluate -6 + -8 + 20 + (12 - 5) + -7.
6
(-8 - -3) + (11 - 12 - (3 - 8))
-1
2 - (26 - (8 - (4 - (-10 + 0))))
-30
Evaluate -11 + (7 - (-3 + -9) - 9).
-1
What is the value of (14 - 7) + 9 + -24 - (19 + -1)?
-26
What is the value of 2 + 3 + 2 + (10 - -2 - 3)?
16
What is -1 - ((-6 - (-6 - -3)) + -5 - 1)?
8
What is 10 - ((51 - 28) + 7)?
-20
-2 + 12 + -6 + (-5 - 0) + -5
-6
Calculate (29 - 0) + (5 - -12 - 7).
39
What is -2 - -6 - (5 - -2 - 1)?
-2
Calculate (2 - -2) + (-119 - -118).
3
Calculate -226 + 228 + (2 - 3 - 2) + -28.
-29
Calculate -24 + (1 - -8) - (-9 - (-1 + -2)).
-9
(203 - 192) + (-1 - -10) + 5 + 1
26
What is the value of 16 + -10 + 3 + -1 + -21?
-13
What is the value of -6 - -19 - (59 + (-14 - 9))?
-23
What is 0 - (7 + -6 - 8)?
7
What is (-18 - (9 - 20)) + 17?
10
6 + (8 - 12 - -4) - 12
-6
What is the value of 5 + 2 + (-2 - 4) + -3?
-2
Evaluate 5 + (-2 - (-2 - 0) - (-13 - -20)).
-2
Calculate (5 + 13 - 18 - (0 + -5)) + -6.
-1
Evaluate 0 - -13 - (-705 + 727).
-9
Evaluate 20 + -31 + -22 - -13.
-20
What is the value of (4 - (-5 - -6 - 4)) + -4?
3
What is -10 + (1 - 1) + -11 + 29?
8
-5 - (3 - (-6 + 11 + -5 + -6))
-14
Calculate -10 + (-1 - (-3 + 9 + -11 + 4)).
-10
What is the value of (72 + -64 - (-1 + 0)) + 1?
10
What is the value of -32 + -36 + 35 + 20?
-13
Evaluate (-17 - ((-1 - -15) + -12)) + 14.
-5
What is 34 + -45 + -9 + -3?
-23
What is the value of (-4 - -19) + -23 + (49 - 18)?
23
Calculate -2 + 17 + -11 + -4 + -15.
-15
What is the value of (35 + -39 - (0 - 10)) + -7 + 0?
-1
Calculate (1 - 1) + -7 - (-39 + 23 + 15).
-6
What is the value of 10 + (-4 - (5 + -15) - 31)?
-15
Evaluate (-15 - (-5 + 10)) + 5 + 1 + 1.
-13
Evaluate -223 - -237 - (-3 + 11).
6
16 + -40 + -17 + 19
-22
Calculate -8 - (-2 - 7) - 6 - 1.
-6
Evaluate (-56 - -46) + -6 + 2.
-14
Calculate (-6 + 6 - -1) + -9 + 5.
-3
What is (-4 - (4 + -4 + -6)) + (-3 - -5)?
4
1 + -2 - (8 + (31 - 24))
-16
What is -6 + -2 + -6 + 11 + -2 + -11?
-16
What is the value of -2 + (-9 - -11 - -5) + 7?
12
Evaluate (-28 - -33 - 19) + 33.
19
Evaluate 11 - (6 - -10) - (3 + -5 - -2).
-5
5 + (-11 + -3 - -11 - (-40 + 7))
35
-13 + 1 + (-256 - -295)
27
Evaluate -11 - (0 - (5 - -2)) - 8.
-12
23 + (-3 - (1 - -1)) + (-10 - -17)
25
Calculate (2 + -15 + 50 - 14) + 2.
25
What is the value of -52 - ((52 - 69) + 4 + 0)?
-39
What is the value of (5 - -11) + 72 + -103?
-15
Calculate (6 - (8 - -5) - (-11 - 1)) + -25.
-20
(-3 - -2) + (9 + -9 - -4) + -6
-3
Evaluate (-3578 - -3546) + 0 + 0 + 12.
-20
What is the value of -24 - (-27 + 23) - -15?
-5
What is (-11 - (1 - 2)) + -2?
-12
Calculate 29 - 26 - 22 - -32.
13
What is -9 + 3 + -27 + 9 + 9 + 31?
16
Calculate -4 + (11 - (16 - 3) - -10).
4
What is 0 + (-3 - 0) + -2 + (73 - 60)?
8
What is the value of 14 + 16 + (-34 - -9)?
5
Calculate 3 + (-33 + 32 - (2 - -19)).
-19
What is the value of -35 + (19 - -9) + 23?
16
What is 12 + (16 + (-21 - -19) - -3)?
29
-21 + -1 + (0 + -4 - (110 - 110))
-26
What is (-14 - -49) + -42 + (29 - 0)?
22
Evaluate -2 - 4 - (16 + -41).
19
61 + -75 + (-1 - -2 - -2) + 2
-9
Evaluate 10 - ((-10 - (-4 - (3 - -2))) + 33).
-22
Evaluate (-7 - -5 - 8) + 8 + 3.
1
Evaluate 12 + (-18 + -38 - -22).
-22
What is the value of -2 + (-11 + 19 - 8)?
-2
What is the value of -10 - 0 - (2 + 5)?
-17
Calculate -38 - (-22 - -15) - -21.
-10
Evaluate (4 - (13 - -7)) + 1 + 0.
-15
0 + 2 + 8 + 5
15
-11 - -8 - -18 - -19 - 1
33
What is the value of -3 - 0 - (-10 + 2) - 4?
1
What is the value of 12 + 0 + -2 - (-4 + 33 + -29)?
10
Calculate 16 - (4 - 7 - -13).
6
What is -5 + (-4 - -19 - 5) + 1 - -6?
12
What is (-7 + 4 - (9 - 5)) + -4?
-11
Evaluate 1735 + -1739 + (-8 - (0 + 0 + -1)).
-11
What is -5 + 6 - 0 - (-3 + 1 + 7)?
-4
What is (-68 - -48) + 3 - (-4 + 0)?
-13
Calculate -11 - ((-7 - (-8 - -4)) + -19 + 17).
-6
13 + 2 + -16 - -19
18
Evaluate 10 + -18 + 5 + 11.
8
Calculate 81 + -75 - (4 - 11).
13
What is (13 + -6 + -15 + 3 - 4) + 5?
-4
Evaluate (2 - 4 - (-4 - 6)) + 4.
12
Evaluate (1 - 3) + (4 - 6) + 13 + -3.
6
What is the value of -3 - (-1 + -21 + (0 - (-10 + 13)))?
22
Calculate 0 - -4 - (89 + -93).
8
Calculate 142 + -106 + (-20 - -4).
20
Calculate (-1 - 0) + -516 + 522.
5
15 + -4 + 2 + -4
9
Evaluate 14 - 7 - (-5 + 8).
4
Evaluate 35 - 32 - (-19 + -7 + 9).
20
Evaluate -9 - (4 - (16 + -1)).
2
(1 - -2) + -35 - (-398 - -389)
-23
Evaluate ((0 - -3) + (48 - 48) - -5) + -20.
-12
Calculate -1 + 1 + -8 + -74 + 150 + -88.
-20
Calculate (-6 - 24) + 7 + -1 - -10.
-14
Evaluate 12 - 3 - (52 - 46).
3
What is (33 - (54 + -30)) + (2 - (-2 - -2))?
11
What is -54 - -34 - (-31 - 0)?
11
14 + -8 - (1 - -22)
-17
Evaluate -27 - -17 - (13 - 13).
-10
Evaluate -6 + (2 + -1 + -2 - (11 + -6)).
-12
Evaluate -17 + (30 - (-24 - -57)).
-20
Calculate (-24 + 12 - -17 - 5) + -18.
-18
Calculate -20 + 2 + (-73 - -95).
4
Evaluate (10 - (-10 + 13)) + -6.
1
What is the value of (122 - 116) + -1 + -13 - 5?
-13
What is -23 + -2 - (540 - 573)?
8
-23 + 23 - ((0 - 0) + -1)
1
What is the value of 86 + -45 + 0 + -29?
12
Evaluate (38 - (19 - 0)) + -5.
14
What is the value of (-7 - 4) + -5 - (-2 + -1) - -1?
-12
Calculate (2 - 2) + (4 - 7) + (-1 - -13).
9
Calculate (66 - 79) + 19 + 0.
6
Calculate -15 + (-17 - -42) - 18.
-8
Calculate (16 - 6 - 4) + 2 + -52 + 39.
-5
What is -25 + 16 - (-4 + 3 - 12 - 1)?
5
4 - 0 - ((0 - -5) + (90 - 78))
-13
Calculate 37 + -29 + -25 + -5 + 40.
18
What is the value 